343949.
41, 8389
List the prime factors of 9409478.
2, 13, 361903
What are the prime factors of 293638?
2, 146819
List the prime factors of 1257040.
2, 5, 19, 827
What are the prime factors of 684168?
2, 3, 29, 983
List the prime factors of 8763204.
2, 3, 31, 23557
What are the prime factors of 250220?
2, 5, 12511
What are the prime factors of 1528225?
5, 61129
What are the prime factors of 1205680?
2, 5, 7, 2153
What are the prime factors of 812245?
5, 7, 23, 1009
List the prime factors of 4865818.
2, 2432909
List the prime factors of 19672440.
2, 3, 5, 29, 5653
What are the prime factors of 6088582?
2, 41, 1811
What are the prime factors of 28872?
2, 3, 401
What are the prime factors of 18696792?
2, 3, 23, 33871
List the prime factors of 1838664.
2, 3, 25537
List the prime factors of 3472335.
3, 5, 17, 89
What are the prime factors of 7640626?
2, 7, 545759
List the prime factors of 100821.
3, 7, 4801
What are the prime factors of 22627693?
11, 199, 10337
List the prime factors of 655562.
2, 433, 757
List the prime factors of 156273.
3, 13, 4007
What are the prime factors of 5564752?
2, 29, 67, 179
What are the prime factors of 65417?
11, 19, 313
List the prime factors of 974971.
974971
List the prime factors of 195016.
2, 19, 1283
List the prime factors of 6276037.
2371, 2647
List the prime factors of 1051121.
563, 1867
What are the prime factors of 2727966?
2, 3, 151, 3011
List the prime factors of 32815955.
5, 6563191
List the prime factors of 227252.
2, 56813
What are the prime factors of 5213538?
2, 3, 11, 67, 131
What are the prime factors of 1521041?
17, 131, 683
What are the prime factors of 12086922?
2, 3, 2014487
What are the prime factors of 204916?
2, 51229
List the prime factors of 10674346.
2, 23, 232051
What are the prime factors of 14837353?
3329, 4457
List the prime factors of 287326.
2, 13, 43, 257
List the prime factors of 17141499.
3, 79, 24109
List the prime factors of 372536.
2, 46567
List the prime factors of 329433.
3, 13, 8447
What are the prime factors of 526935?
3, 5, 35129
List the prime factors of 13708079.
7, 11, 53, 3359
What are the prime factors of 662107?
662107
List the prime factors of 1752388.
2, 11, 39827
What are the prime factors of 12826096?
2, 801631
List the prime factors of 971888.
2, 19, 23, 139
What are the prime factors of 268169?
11, 24379
List the prime factors of 2967206.
2, 11, 134873
List the prime factors of 5392023.
3, 7, 13, 19751
What are the prime factors of 201911?
201911
List the prime factors of 1371697.
23, 2593
What are the prime factors of 495318?
2, 3, 31, 2663
List the prime factors of 15716.
2, 3929
What are the prime factors of 17939458?
2, 19, 29, 73, 223
List the prime factors of 7129187.
13, 548399
List the prime factors of 318446.
2, 159223
List the prime factors of 4257261.
3, 31, 15259
List the prime factors of 14602.
2, 7, 149
What are the prime factors of 46557?
3, 7, 739
What are the prime factors of 1110610?
2, 5, 17, 47, 139
What are the prime factors of 459903?
3, 83, 1847
List the prime factors of 1223094.
2, 3, 23, 8863
List the prime factors of 2329577.
2329577
List the prime factors of 8072882.
2, 37, 127, 859
What are the prime factors of 18014573?
113, 159421
What are the prime factors of 27167?
7, 3881
List the prime factors of 1923056.
2, 263, 457
What are the prime factors of 8752479?
3, 2917493
List the prime factors of 582066.
2, 3, 3593
What are the prime factors of 632841?
3, 11, 127, 151
What are the prime factors of 16889971?
7, 2412853
List the prime factors of 242376.
2, 3, 10099
List the prime factors of 165258.
2, 3, 9181
List the prime factors of 301357.
7, 43051
List the prime factors of 4463639.
17, 262567
List the prime factors of 366125.
5, 29, 101
What are the prime factors of 2845870?
2, 5, 284587
List the prime factors of 143993.
311, 463
What are the prime factors of 133167?
3, 44389
What are the prime factors of 1339303?
7, 293, 653
List the prime factors of 4798745.
5, 7, 167, 821
List the prime factors of 425624.
2, 83, 641
What are the prime factors of 8242084?
2, 149, 13829
List the prime factors of 404540.
2, 5, 113, 179
What are the prime factors of 1793072?
2, 112067
List the prime factors of 264233.
19, 13907
What are the prime factors of 67333?
7, 9619
What are the prime factors of 3671344?
2, 229459
What are the prime factors of 26589188?
2, 79, 84143
What are the prime factors of 1274635?
5, 254927
What are the prime factors of 35714?
2, 7, 2551
List the prime factors of 6856763.
17, 403339
What are the prime factors of 58950?
2, 3, 5, 131
What are the prime factors of 1339456?
2, 20929
List the prime factors of 9790095.
3, 5, 7, 93239
List the prime factors of 218273.
11, 19843
List the prime factors of 1732600.
2, 5, 8663
List the prime factors of 9519193.
317, 30029
List the prime factors of 2380211.
31, 76781
List the prime factors of 953407.
7, 13, 10477
What are the prime factors of 10816081?
53, 89, 2293
List the prime factors of 969337.
109, 8893
List the prime factors of 2190748.
2, 7, 78241
List the prime factors of 127895.
5, 25579
What are the prime factors of 314400?
2, 3, 5, 131
What are the prime factors of 6959093?
6959093
What are the prime factors of 3185407?
19, 359, 467
What are the prime factors of 848259?
3, 89, 353
What are the prime factors of 158482?
2, 79241
List the prime factors of 370730.
2, 5, 131, 283
List the prime factors of 9231749.
587, 15727
List the prime factors of 30408920.
2, 5, 17, 197, 227
What are the prime factors of 137357?
11, 12487
What are the prime factors of 12495231?
3, 7, 198337
List the prime factors of 807831.
3, 89759
List the prime factors of 1200865.
5, 240173
List the prime factors of 3620879.
3620879
What are the prime factors of 66735?
3, 5, 1483
List the prime factors of 332022.
2, 3, 55337
List the prime factors of 352694.
2, 176347
List the prime factors of 8339233.
7, 19, 62701
List the prime factors of 349603.
349603
What are the prime factors of 12219708?
2, 3, 1018309
What are the prime factors of 88506?
2, 3, 11, 149
What are the prime factors of 35797272?
2, 3, 7, 213079
List the prime factors of 177059.
59, 3001
What are the prime factors of 13328815?
5, 2665763
List the prime factors of 19509428.
2, 19, 23, 11161
What are the prime factors of 302686?
2, 151343
What are the prime factors of 5734977?
3, 59, 32401
List the prime factors of 233282.
2, 7, 19, 877
What are the prime factors of 1414496?
2, 44203
What are the prime factors of 2975288?
2, 41, 47, 193
List the prime factors of 8361986.
2, 1951, 2143
List the prime factors of 23468807.
197, 119131
What are the prime factors of 2155519?
2155519
What are the prime factors of 73795?
5, 14759
List the prime factors of 2562635.
5, 397, 1291
List the prime factors of 5860889.
5860889
List the prime factors of 17971853.
19, 945887
What are the prime factors of 26836732?
2, 13, 516091
What are the prime factors of 123399?
3, 13711
What are the prime factors of 172293?
3, 11, 23, 227
List the prime factors of 19799914.
2, 691, 14327
List the prime factors of 12609863.
7, 19, 94811
List the prime factors of 30145990.
2, 5, 7, 127, 3391
What are the prime factors of 1042025?
5, 41681
List the prime factors of 472528.
2, 7, 4219
What are the prime factors of 1574469?
3, 13, 13457
What are the prime factors of 3317724?
2, 3, 157, 587
List the prime factors of 5159310.
2, 3, 5, 13, 13229
List the prime factors of 4036263.
3, 7, 11, 101, 173
List the prime factors of 72577.
72577
What are the prime factors of 1142335?
5, 47, 4861
List the prime factors of 1317739.
23, 47, 53
List the prime factors of 227064.
2, 3, 9461
What are the prime factors of 255657?
3, 31, 2749
List the prime factors of 555525.
3, 5, 823
What are the prime factors of 2693285?
5, 7, 10993
What are the prime factors of 877042?
2, 438521
List the prime factors of 1830634.
2, 13, 181, 389
List the prime factors of 559211.
559211
List the prime factors of 608112.
2, 3, 41, 103
What are the prime factors of 278608?
2, 11, 1583
What are the prime factors of 1724116?
2, 431029
List the prime factors of 15562577.
19, 819083
List the prime factors of 890226.
2, 3, 19, 137
What are the prime factors of 264731?
264731
List the prime factors of 3156